066 and 5135988?
1066
What is the greatest common divisor of 2687 and 170?
1
Calculate the greatest common divisor of 3410892 and 828.
36
What is the greatest common factor of 171 and 333009675?
171
Calculate the highest common divisor of 14179686 and 984.
246
What is the greatest common factor of 1116 and 284938608?
372
Calculate the highest common divisor of 18 and 440979426.
18
Calculate the greatest common divisor of 6082818 and 12180.
42
Calculate the greatest common factor of 25364 and 168776.
68
What is the greatest common divisor of 107629 and 75852?
43
What is the highest common divisor of 1716 and 23092344?
132
What is the highest common divisor of 235641 and 1465296?
1029
Calculate the greatest common factor of 1026495811 and 22.
11
Calculate the greatest common divisor of 1108 and 19107460.
1108
What is the highest common divisor of 99110 and 69767610?
5830
What is the greatest common divisor of 854926 and 817?
43
What is the highest common factor of 80458 and 267646?
1642
What is the highest common divisor of 78764 and 196?
28
Calculate the highest common divisor of 70698960 and 213.
213
What is the highest common divisor of 3094 and 2330258?
238
Calculate the greatest common factor of 6490822 and 533.
13
Calculate the highest common divisor of 6080 and 7887840.
160
Calculate the greatest common factor of 882 and 406357.
49
What is the greatest common factor of 11297114 and 3368?
842
What is the greatest common divisor of 537376 and 14910?
14
Calculate the highest common factor of 24961790 and 2100.
70
Calculate the greatest common factor of 158170932 and 108.
36
Calculate the greatest common divisor of 59353201 and 344.
43
Calculate the highest common divisor of 255 and 31827485.
85
Calculate the greatest common factor of 7866900 and 4860.
180
What is the highest common factor of 7642 and 2682311432?
7642
Calculate the highest common divisor of 22 and 5783657.
11
What is the highest common divisor of 164150 and 784637?
3283
What is the greatest common divisor of 510 and 1185?
15
What is the greatest common divisor of 53046 and 4326?
42
What is the highest common factor of 188 and 2613623?
47
Calculate the greatest common factor of 16835 and 12187.
7
Calculate the highest common factor of 7836543 and 99.
99
Calculate the greatest common factor of 4807838 and 77350.
238
Calculate the greatest common divisor of 81 and 87762564.
9
Calculate the greatest common factor of 1685294 and 15158.
1378
What is the greatest common factor of 52413064 and 5456?
2728
What is the greatest common factor of 7575875 and 20375?
125
Calculate the highest common divisor of 221407 and 2475314.
271
Calculate the greatest common factor of 4343 and 896577.
101
What is the highest common divisor of 33747876 and 1368?
684
What is the greatest common divisor of 805363 and 25051?
533
Calculate the greatest common divisor of 1107474 and 50304.
786
What is the greatest common divisor of 6890685 and 1035?
345
What is the highest common factor of 46069 and 52672891?
2003
What is the highest common divisor of 8722 and 663754?
98
What is the highest common factor of 8330 and 239547770?
490
Calculate the greatest common divisor of 249 and 137346.
3
What is the highest common divisor of 45436630 and 125?
5
What is the highest common factor of 59010 and 451752?
42
What is the highest common divisor of 97 and 4416663?
1
What is the highest common divisor of 885 and 431980?
5
What is the highest common divisor of 1220945 and 107140?
55
What is the highest common factor of 231659 and 12461?
17
What is the greatest common factor of 48 and 34043024?
16
Calculate the greatest common factor of 623228599 and 27076.
6769
Calculate the highest common divisor of 2721952 and 160.
32
Calculate the greatest common divisor of 2209787 and 5.
1
What is the highest common factor of 22816 and 562304?
736
What is the highest common divisor of 2498371 and 82111?
523
What is the highest common divisor of 75155822 and 4222?
4222
What is the greatest common factor of 3804 and 14228862?
1902
What is the greatest common factor of 4515 and 464658?
129
Calculate the highest common factor of 87 and 435030885.
87
What is the highest common factor of 11427 and 48572661?
879
What is the highest common divisor of 2579823 and 6939?
27
What is the highest common factor of 2480 and 30187552?
496
Calculate the highest common divisor of 851224 and 855207.
569
What is the highest common factor of 1087248 and 122088?
24
What is the greatest common divisor of 212670 and 38250?
1530
Calculate the highest common factor of 2097 and 20027049.
699
What is the highest common factor of 13703 and 3396214?
71
Calculate the highest common factor of 99274 and 65464.
98
What is the highest common factor of 11670133 and 259?
37
Calculate the greatest common factor of 928 and 32438936.
232
Calculate the highest common factor of 16646 and 5414542.
574
Calculate the highest common divisor of 3454491 and 7503.
183
Calculate the greatest common divisor of 7326598 and 86.
86
What is the greatest common divisor of 191724 and 42289?
13
Calculate the greatest common divisor of 103766 and 60749.
13
Calculate the greatest common divisor of 63 and 5323311.
63
What is the highest common factor of 194340 and 970265?
205
Calculate the greatest common factor of 753540 and 8040.
60
What is the highest common factor of 2118 and 3627075?
1059
What is the greatest common factor of 363664 and 3120656?
1904
What is the highest common factor of 1057 and 2509318?
1057
Calculate the greatest common factor of 58257834 and 12.
6
Calculate the greatest common divisor of 157402 and 59626.
14
Calculate the highest common divisor of 89166 and 822486.
42
Calculate the greatest common factor of 301461 and 209967.
1173
What is the highest common factor of 794430 and 7410?
390
What is the highest common factor of 121 and 20985492?
11
What is the highest common factor of 138 and 507892854?
138
What is the highest common divisor of 8525 and 1538735?
55
What is the highest common factor of 1500 and 105255?
15
What is the highest common divisor of 10927497 and 84?
21
What is the greatest common divisor of 960228 and 6780172?
2092
What is the greatest common divisor of 14416 and 457920?
848
What is the highest common divisor of 10205500 and 12?
4
Calculate the highest common divisor of 368211 and 1303308.
2649
What is the highest common divisor of 22201200 and 105?
105
Calculate the highest common divisor of 1261403609 and 31.
31
What is the highest common factor of 12656820 and 1524?
1524
Calculate the highest common factor of 70592424 and 924.
84
What is the highest common divisor of 592666 and 2183?
37
Calculate the greatest common factor of 28377 and 287604.
27
What is the highest common factor of 3326 and 1111629024?
3326
Calculate the greatest common factor of 90820 and 594871.
4541
Calculate the highest common factor of 8553190 and 40.
10
What is the greatest common divisor of 1903 and 13903318?
1903
Calculate the highest common factor of 1160 and 267861110.
290
What is the highest common factor of 43 and 416131?
1
Calculate the highest common divisor of 1486904 and 92.
92
What is the greatest common divisor of 190524656 and 336?
112
Calculate the greatest common factor of 1776 and 32665672.
296
Calculate the greatest common divisor of 2442 and 132176.
22
What is the greatest common factor of 1977634 and 28006?
38
Calculate the greatest common divisor of 1014316 and 108222.
2122
Calculate the greatest common factor of 908400 and 92100.
300
Calculate the greatest common divisor of 4683641 and 366.
61
Calculate the greatest common factor of 143 and 786291.
11
Calculate the highest common divisor of 20876 and 596904.
68
What is the greatest common factor of 16068 and 670436?
52
Calculate the highest common factor of 686 and 4778333.
343
Calculate the highest common factor of 61000693 and 130.
13
What is the greatest common divisor of 16365300 and 6300?
2100
Calculate the highest common divisor of 476 and 88315646.
34
What is the greatest common divisor of 12420 and 203660676?
2484
What is the highest common divisor of 1190 and 38466920?
170
Calculate the greatest common divisor of 573495 and 17127.
519
Calculate the highest common factor of 2497819679 a